uppose -3*o = -0*o - 9. What is the remainder when c is divided by o?
2
Let m(z) = -2*z**3 - 16*z**2 - 18*z + 18. What is the remainder when 228 is divided by m(-7)?
44
Suppose -q + 6*q + 10 = 0. Let d = q - -11. Calculate the remainder when 1170/(-360)*-2*1*4 is divided by d.
8
Suppose 0 = -124*w + 128*w - 712. Calculate the remainder when w is divided by 58.
4
Suppose 1 = -c - 3. Let b be -6*c/((-36)/(-15)). Calculate the remainder when (-15)/b + (-94)/(-4) is divided by 12.
10
Let u = -12 - -19. Suppose -3*d + 30 = 2*j, -5*d + u*d = 4. Calculate the remainder when 20 is divided by j.
8
Suppose 4*w + 155 = 267. Calculate the remainder when w is divided by 8.
4
Suppose -7*z = -3*z. Let o(a) = a**3 - a**2 - a + 5. Calculate the remainder when -1*7/7*-17 is divided by o(z).
2
Calculate the remainder when ((-30)/60)/(1*2/(-1132)) is divided by 2.
1
Let d(g) = 15*g**3 - 2*g + 1. Let n be d(1). Let y(b) = b + 3. Calculate the remainder when 98 is divided by y(n).
13
Suppose 0 = 3*b + 34*z - 31*z - 243, -3*z + 164 = 2*b. Calculate the remainder when 369 is divided by b.
53
What is the remainder when (36/2)/((-16)/(-24)) is divided by 4?
3
Suppose -171*q + 167*q = -700. Calculate the remainder when q is divided by 45.
40
Suppose 0 = -2*m - 17 + 77. Suppose -s = 5*z + 4 + 8, 0 = -2*s - 4*z + 6. Suppose 4*h - 19 = s. Calculate the remainder when m is divided by h.
6
Let x = -1 - -11. Let p = -13 + x. Calculate the remainder when 26 is divided by (-3)/(p + 8/3).
8
Let m = -5 - -24. Let y be 7 - (5 - 2) - 0. Suppose 3*j = -y*v + 178, 2*v - 143 - 135 = -5*j. What is the remainder when j is divided by m?
16
Let u be (-85)/(-2)*4/5. Let j = 2 + u. Suppose 2*t = t + j. Calculate the remainder when t is divided by 13.
10
Suppose -2*w + 3*t = -19, 2*w - 16 = 5*t - 3. What is the remainder when 96 is divided by w?
12
Let a(s) = -14*s + 2. Let z be (3/7)/((-3)/(-21)). Suppose d - 4*d = y - 14, -18 = 3*y - z*d. What is the remainder when 45 is divided by a(y)?
13
Let z be -2 + 34 + 2/(-1) + -4. What is the remainder when 39/z + (1 - (-471)/6) is divided by 14?
11
Let u be 1 + 10/(-14) - 66/(-14). Let z(y) = 2*y**2 - 3*y - 19. What is the remainder when 78 is divided by z(u)?
14
Let n(s) = s**3 + 10*s**2 + 2. Let q be n(-10). Suppose 32 = 5*u - 3*d, -2 + 15 = q*u - d. Suppose -5*r + u = -3. What is the remainder when r is divided by 2?
0
Let o be 15/10 + (-1)/(-2). Let b be 2/(-5) - 136/(-40). What is the remainder when 6 is divided by (-1)/(o + -3)*b?
0
Let c = 902 - 855. What is the remainder when 280 is divided by c?
45
Let q(h) = 69*h**2 - h + 3. Calculate the remainder when 566 is divided by q(1).
69
Suppose 3 = k + 4*x, 0 = -2*k + 2*x - 6*x + 10. Suppose 2*c = k + 69. What is the remainder when c is divided by 11?
5
Suppose -12*h + h + 1672 = 0. What is the remainder when h is divided by 9?
8
What is the remainder when (-9 + 370/40)*324 is divided by 66?
15
Let x = 67 - -21. Calculate the remainder when x is divided by (54 - 15) + (-36)/(12/3).
28
Let f be (-17 - -14)*4/3. What is the remainder when 35 is divided by 4/(f/26 + (-133)/(-273))?
11
Let p = -15 + 19. Suppose 0 - 6 = c. What is the remainder when 23 is divided by 78/p*(-4)/c?
10
Suppose 13*a - 68 - 105 = 204. Let o = -322 + 464. What is the remainder when o is divided by a?
26
Calculate the remainder when 150 is divided by 606/8 - (-6)/24.
74
Let m be 3 + -7 + 4 - -3. Suppose -2*j = j + 3*d - 144, -m*d + 12 = 0. What is the remainder when j is divided by 16?
12
Suppose 0 = 8*w + 2*w - 90. Calculate the remainder when 34 is divided by w.
7
Suppose -4*m + 4 = 0, -2*s + 12*m = 16*m - 66. Suppose -4*k + 5*v + 1 + 16 = 0, -k = -v - 5. Calculate the remainder when s is divided by k.
7
Let s(y) = -6*y - 2. Suppose 4*w - 15 = -w. Suppose 0 = -g + 35 + w. What is the remainder when g is divided by s(-2)?
8
Let z(q) = 2*q**3 - 11*q**2 + 37*q - 12. Calculate the remainder when z(6) is divided by 17.
8
Suppose 3*y + 90 = 7*h - 4*h, 105 = 4*h - y. Calculate the remainder when 41 is divided by h.
16
Let r(t) = 17*t**2 + t - 2. Let m(f) = -f**3 - 23*f**2 + f + 25. Let q be m(-23). What is the remainder when r(q) is divided by 18?
14
Suppose -15*s + 196 = -509. Calculate the remainder when 112 is divided by s.
18
Let d(s) = -101*s - 1. Let c be d(-1). Suppose 3*r - c = r. Let z(u) = u**2 - 7. What is the remainder when r is divided by z(-5)?
14
Suppose -24*y = -11*y - 117. What is the remainder when 32 is divided by y?
5
Calculate the remainder when (0 - (-2)/(-4))*8802/(-163) is divided by (-25)/(-15)*3 + (2 - 0).
6
Let z(b) = 8*b**3 + 16*b**2 - 8*b - 4. Let v(o) = -7*o**3 - 16*o**2 + 7*o + 5. Let p(w) = -7*v(w) - 6*z(w). Calculate the remainder when 7 is divided by p(-16).
2
Let y = 1491 + -1469. What is the remainder when 67 is divided by y?
1
Let b(g) = g**3 - g**2 + g + 1. Let z be b(0). Let q(t) = t**3 + 9*t**2 - 5*t + 13. Calculate the remainder when q(-9) is divided by z/(-5) + (-604)/(-20).
28
Let z(g) = -g**2 + 12*g - 19. Let o be z(11). Let h = 30 + o. What is the remainder when 51 is divided by h?
7
Suppose 4*y - 23 = -0*y + 5*x, 5*x = y - 2. Suppose -4*j + 267 = -285. Suppose y*q - j = q. What is the remainder when q is divided by 12?
11
Let v(z) = -z**2 - 16*z + 23. Let m be v(-14). What is the remainder when 17 is divided by (m/9 - -1)/((-4)/(-6))?
7
Let v be (4*1)/((-3)/(-6)). Let y(l) = l**3 - 9*l**2 + 17*l - 74. Let s be y(8). Let g = s + v. What is the remainder when 11 is divided by g?
5
Suppose -2*d - 8 = 4*n, 20 = -4*n - n. Suppose 6*m = -d*m + 860. Calculate the remainder when m is divided by 23.
17
Suppose 61 = r + 3*v - 15, v = 1. What is the remainder when r is divided by (-223)/(-9) + (-6)/(-27)?
23
Let m = -28 - -21. Let r(f) = -2*f - 11. Calculate the remainder when 13 is divided by r(m).
1
Let h(c) = 2*c + 38. Calculate the remainder when h(-15) is divided by 2.
0
Let i(q) = -q**2 + 4*q - 6. Let m be i(4). Let w = m + 8. Calculate the remainder when 32 is divided by (-7 - -18)*w/2.
10
Suppose 4*t - 6 - 2 = 0. Suppose -3905 = x + 5*a, -1852 = x - t*a + 2067. Calculate the remainder when x/(-36) - (-1)/4 is divided by 28.
25
Let a = -3 + 5. Suppose -3*k + 7 = -77. Suppose 5*m = x + a, -3*x = 4*m - 61 - k. What is the remainder when 89 is divided by x?
20
Let r = -739 + 773. Calculate the remainder when r is divided by 19.
15
Let w(u) = 2*u**3 - 14*u**2 + 7*u - 36. Let k = 11 - 55. Let p = k + 94. Calculate the remainder when p is divided by w(7).
11
Suppose -8*x + 6*x = i - 48, -4*i - 2*x + 186 = 0. Calculate the remainder when 1793 is divided by i.
45
Suppose 4*v - 27 = -y, -3*y - 31 = -2*v - 0*y. Suppose -2*q - m + 0 = -164, -2*m = v. What is the remainder when q is divided by 17?
16
Let h = 398 + -117. Calculate the remainder when h is divided by 32.
25
Let q(k) = -11*k - 2. Let j = 116 - 26. Let f = -57 + j. What is the remainder when f is divided by q(-1)?
6
Let i be (-2)/4 - (-132)/24. What is the remainder when 81 is divided by 4/i*2*140/16?
11
Suppose -73*y - 87 = -76*y. Suppose y - 11 = 6*s. Calculate the remainder when 9 is divided by s.
0
Let z(x) = 7*x - 4. What is the remainder when 61 is divided by z(3)?
10
Let c be (4 + -3)*(-3 + 3). Suppose -3*h - 2*h - 5*a + 200 = c, -10 = -2*a. What is the remainder when 136 is divided by h?
31
Let d be -1*(-3 + (0 - 1)). Suppose -2*s + 285 = 5*z - s, -d*s = -4*z + 252. Calculate the remainder when z is divided by 16.
10
Let b(l) = 2*l**3 - l**2 - l + 31. What is the remainder when 183 is divided by b(0)?
28
Let b(c) be the second derivative of -c**5/20 - c**4/12 + c**3/6 - c**2/2 + 4*c. Let o = -41 + 38. Calculate the remainder when 40 is divided by b(o).
12
Let b(o) = o**3 + 9*o**2 - 11*o + 6. Let g(i) = 5*i + 16. Let a be g(16). Let q be (-18)/45 + a/(-10). What is the remainder when 45 is divided by b(q)?
13
Suppose 522 = 12*j + 54. What is the remainder when 152 is divided by j?
35
Suppose -2*w = -3*w + 4. Let h(k) = -k**3 - k**2 - 4. Let f be h(-2). Suppose f = 2*n + 1 - 13. Calculate the remainder when n is divided by w.
2
Let s(b) = 8*b - 126. Calculate the remainder when s(22) is divided by 13.
11
Let d(m) = 2*m**3 - 6*m**2 + 16*m - 43. Calculate the remainder when 152 is divided by d(4).
46
Let u = 27 + -16. Let w = u 